at is the greatest common factor of 63 and r?
7
Let v be ((6/8)/(63/(-28)))/((-2)/126). What is the greatest common factor of v and 12096?
21
Let z be (10 + 1 + -6)*1. Suppose z*c - 272 = -q - 2*q, -5*q + 5*c + 520 = 0. Calculate the highest common divisor of q and 66.
33
Let m = 0 + 26. Suppose 3*b + 2 = 4*b - 2*o, -b + 2 = 5*o. Suppose -q - 10 = -x - 45, 4*q + b*x - 164 = 0. Calculate the highest common factor of m and q.
13
Let i = 49 - 10. Let j = 11 + i. What is the highest common divisor of j and 20?
10
Let o be (6/4)/(165/(-132))*(3 - 18). Let a = 2 - -286. What is the highest common factor of o and a?
18
Suppose 1280 = -36*h + 68*h. What is the greatest common factor of h and 1140?
20
Let v be (0 - -56)*(-8)/((-96)/15). Let q be 1/(4 + (-498)/126). Calculate the greatest common divisor of q and v.
7
Let h be (2970/(-12))/(-9) - 705/94. Let y = 4872 - 3432. What is the highest common divisor of y and h?
20
Suppose c + 96 = 4*c. Let k = c - 22. Let t be (((-2)/21)/((-3)/(-9)))/((-242)/8470). Calculate the highest common factor of k and t.
10
Let q be (-1)/(600/(-45) + 13). What is the greatest common factor of 2841 and q?
3
Let n(u) = u**2 - 81*u + 1424. Let x be n(56). What is the greatest common factor of 760 and x?
8
Let q be (-105)/350 - 9606/(-20). Suppose 0 = 11*y - 41*y + q. Let g = -126 - -206. Calculate the highest common factor of y and g.
16
Let w(m) = -2*m + 3. Let i = -29 + 33. Let p be w(i). Let u be 193/4 + p/(-40)*-2. Calculate the greatest common divisor of u and 32.
16
Suppose -d - 3*k + 167 = 0, 2*d - 336 = 68*k - 72*k. What is the highest common factor of d and 2720?
170
Suppose -49*p = -408*p + 17591. Let r be ((-3)/(-2))/(3/4). Let t = 5 + r. Calculate the highest common factor of p and t.
7
Suppose 0 = -2*a - 6*a + 8928. Let d be 0 - (-4)/26 - a/(-13). Calculate the highest common divisor of d and 129.
43
Let r(s) = 1703*s**2 - 1698*s**2 + 3*s**3 + 2 + 4*s**3 - 17*s. Let u be r(2). What is the highest common factor of 12 and u?
4
Let s be ((-5)/(-3))/((-1443)/(-72) + -20). Let z = 60 + -28. What is the highest common factor of z and s?
8
Let c(o) = -2*o**2 + 66*o - 332. Let b be c(24). Calculate the greatest common factor of b and 3200.
100
Suppose 3*g - 3644*k = -3641*k + 729, 2*k = -10. Let b be (-1256)/(-18) + 2/9. Calculate the highest common divisor of g and b.
14
Suppose -10*t + 14*t - 399 = 5*p, 3*t - 5*p = 308. What is the greatest common factor of t and 2041?
13
Let m = 186 + -188. Let q be ((-280)/25)/((-1)/(-5)*m). Let j be (112/(-10))/(5/(-125)). What is the greatest common factor of j and q?
28
Suppose 0 = 3*n + 3*w - 114, -1224*n + 3*w + 61 = -1222*n. What is the highest common factor of n and 35?
35
Let u = -37337 - -41021. What is the greatest common divisor of 24 and u?
12
Suppose 0 = -5*y, -4*y = -4*t + 466 + 230. What is the greatest common divisor of t and 2349?
87
Let i(m) = -m**2 - 2*m + 13. Let o be i(-5). Let c be -3 + -11 - o/(0 - -1). Let f be (-1 + c/20)*(-5)/2. What is the greatest common divisor of 1 and f?
1
Let c = -313 + 382. What is the highest common divisor of 621 and c?
69
Suppose -32 = -2*k + 22. Let l(u) = -8*u + 42. Let c be (-30)/(-25)*5 + -3. Let i be l(c). Calculate the highest common divisor of k and i.
9
Let y(k) = 714*k - 285. Let l be y(2). Calculate the highest common factor of l and 27.
9
Let t = 26028 - 25820. What is the greatest common divisor of 1391 and t?
13
Let j be (10*6/60)/((-1)/(-490)). What is the greatest common divisor of j and 7595?
245
Let y(b) be the third derivative of -5*b**4/6 + 31*b**3/2 + 11*b**2. Let f be y(4). What is the greatest common divisor of 403 and f?
13
Suppose -6*v = -4*v - 264. Let q = -6749 - -6980. Calculate the greatest common factor of q and v.
33
Suppose -55 = 4*s - 259. Calculate the highest common factor of 4097 and s.
17
Let j be 4 + 3/(-12)*4. Suppose -12*x + 4*p - 52 = -16*x, -j = 3*p. What is the highest common factor of x and 56?
14
Let j(r) = 21*r**2 + 3*r + 1. Let l be j(-4). Let i(c) = 2*c**3 - 91*c**2 + 297*c - 51. Let f be i(42). What is the highest common divisor of l and f?
25
Suppose -202*k + 30 = -197*k, -4*d = -2*k - 23288. Calculate the highest common divisor of 25 and d.
25
Let c = 14529 - 14457. What is the highest common factor of 882 and c?
18
Let v = -1339 - -1383. Calculate the greatest common factor of v and 5247.
11
Let a = -888 - -940. Suppose -5*v + a = -3*r + 4*r, -5*v - 5*r = -60. Calculate the highest common factor of 230 and v.
10
Suppose 3*p = -3*b + 21, 3*p - 12 = p - 3*b. Suppose -p - 19 = -j - 5*i, -2*i - 14 = -j. What is the highest common factor of 24 and j?
6
Let f = -13717 - -13967. What is the greatest common divisor of 205 and f?
5
Let d = 6032 + -5958. What is the highest common factor of 17834 and d?
74
Let h = -3 - -7. Let t(y) = 4 + 2*y - 2*y - h*y + 2*y. Let q be t(-10). Calculate the greatest common divisor of 3 and q.
3
Suppose -1 = 2*r - 9. Suppose r*t + y = 3*t + 88, -t = -y - 88. Suppose 3*h - 4*k - 50 = 0, -5*h + t = k - 3*k. What is the highest common factor of h and 144?
18
Let i(l) = l**2 - 5*l - 19. Let q be i(-4). Suppose -q*k = -4*k - 12168. What is the greatest common divisor of 72 and k?
72
Let y(i) = 31*i - 180. Let l be y(34). What is the greatest common divisor of 38 and l?
38
Let u be 99 - 11/(-55)*-5. What is the highest common divisor of u and 3626?
98
Let s be 1/(-2) + (33579/(-492))/((-3)/2). What is the greatest common factor of 18 and s?
9
Let u(r) = 54*r - 2710. Let s be u(70). What is the highest common divisor of s and 30?
10
Let r = 1997 - 1979. Suppose 2*c - 720 = -3*c. What is the greatest common divisor of r and c?
18
Let v(y) = 3*y**2 + 56*y + 40. Let b be v(-18). Suppose -3*i + b*m = m - 246, 408 = 5*i - 4*m. Calculate the greatest common divisor of 60 and i.
20
Let q be 552 + (-8 + 4 - 0). Suppose 543*a + 260 = q*a. What is the greatest common factor of a and 494?
26
Let b = -36546 - -36615. Suppose 0*l - 2*l + 46 = 0. Calculate the highest common factor of b and l.
23
Let v(a) = -3*a**2 + 20*a + 15. Let i be v(13). Let n = i + 496. What is the greatest common divisor of 99 and n?
33
Suppose 5*s + 5 = -15. Let k = -20 + -1. Let i be (-69)/s - k/28. Calculate the greatest common divisor of 45 and i.
9
Let y(k) = -2*k + 48. Let q be y(-18). Let c be (24/(-14))/((-4)/q). Calculate the greatest common divisor of 612 and c.
36
Suppose 2066 + 4174 = -16*z. Let h = -255 - z. What is the highest common divisor of h and 15?
15
Let j(c) = -c**3 + 9*c**2 - 27*c + 182. Let z be j(8). What is the greatest common divisor of 1875 and z?
15
Let z = 41 - 72. Let x = 31 + z. Suppose x = -2*w + 3*p + 93, -w + 0*w + 54 = -3*p. Calculate the highest common divisor of w and 26.
13
Suppose t - 2191 = -4*k + 1908, -4*k + 4102 = -2*t. What is the greatest common factor of 287 and k?
41
Let z(k) = -k**3 + 9*k**2 - 4*k + 4. Let g be z(6). Suppose 17*a = 13*a + g. Calculate the highest common divisor of a and 198.
22
Suppose 23*f - 24*f = -4*g + 28812, 21609 = 3*g + 5*f. Calculate the greatest common factor of 21 and g.
21
Let n = 102 - 91. Suppose 26*l - 1755 = n*l. What is the highest common factor of l and 52?
13
Let h(j) = -25*j - 717. Let i be h(-33). Calculate the greatest common factor of i and 186.
6
Suppose 2*n - 5*d = 3, 13 = 2*n + 2*n - 3*d. Suppose 7*i = n*i + 234. Suppose 6*l - 51 = 105. What is the highest common divisor of i and l?
26
Let r be -5 - ((-12)/(-78) + 18140/52). Let k = r - -390. Calculate the highest common factor of 81 and k.
9
Suppose 7 = b + 5*a - 37, -7*b - 5*a = -368. Suppose 4*q = -t - 4 + 6, 3*q + 2*t + 1 = 0. Let o be 54*-4*(-1)/q. What is the highest common divisor of o and b?
54
Let r(j) = 2*j**3 - 47*j**2 - 70*j - 7. Let u be r(25). Calculate the greatest common factor of u and 2.
2
Suppose -4*n = 33 - 241. Suppose -400*m + 25237 = 207*m + 1564. Calculate the greatest common factor of n and m.
13
Let r be 55 - ((-7)/(-14))/(1/(-4)). Suppose 0 = -4*m + 143 + r. Let l = 74 - m. Calculate the highest common divisor of l and 6.
6
Let o = 729 + -623. Suppose 2*w - 20 = 6*w, o = 3*m - 5*w. Calculate the highest common divisor of m and 198.
9
Let q be (-4)/(-6) + (34046/24 - 84/336). Calculate the greatest common divisor of 1032 and q.
129
